{"id":2879,"date":"2022-10-31T14:23:07","date_gmt":"2022-10-31T14:23:07","guid":{"rendered":"https:\/\/onfertas.com.br\/produto\/kebidumei-wifi-wireless-repeater-wifi-extender-300mbps-amplifier-wifi-signal-booster-network-amplifier-ap-function-repeater\/"},"modified":"2023-08-23T14:17:19","modified_gmt":"2023-08-23T14:17:19","slug":"kebidumei-wifi-wireless-repeater-wifi-extender-300mbps-amplifier-wifi-signal-booster-network-amplifier-ap-function-repeater","status":"publish","type":"product","link":"https:\/\/onfertas.com.br\/?product=kebidumei-wifi-wireless-repeater-wifi-extender-300mbps-amplifier-wifi-signal-booster-network-amplifier-ap-function-repeater","title":{"rendered":"Repetidor de Sinal Wifi (sem fio)"},"content":{"rendered":"<div class=\"detailmodule_html\">\n<div class=\"detail-desc-decorate-richtext\">\n<div class=\"detailmodule_text\" style=\"text-align: start;\" align=\"start\">\n<h1 class=\"detail-desc-decorate-title\" style=\"font-family: OpenSans; font-size: 20px; font-weight: 900; line-height: 28px; margin: 0px 0px 12px 0px;\">Descri\u00e7\u00e3o<\/h1>\n<pre id=\"tw-target-text\" class=\"tw-data-text tw-text-large tw-ta\" dir=\"ltr\" data-placeholder=\"Tradu\u00e7\u00e3o\"><span class=\"Y2IQFc\" lang=\"pt\">Recurso do repetidor iMice WiFi\r\n\r\n1. A tecnologia exclusiva de parede a parede de alta qualidade garante que a cobertura do repetidor n\u00e3o seja bloqueada. 2.Novo chip de alta qualidade que fornece servi\u00e7o de rede est\u00e1vel de 2,4 GHz com velocidades de rede de at\u00e9 300 Mbps. 3.Software embutido atualizado, etapas de configura\u00e7\u00e3o super simples, eliminam os problemas inc\u00f4modos para os consumidores.\r\n\r\nPerguntas e respostas\r\n\r\nQ1. N\u00e3o \u00e9 poss\u00edvel se conectar \u00e0 Internet ap\u00f3s a configura\u00e7\u00e3o conclu\u00edda? A1. Verifique se voc\u00ea digitou a mesma senha do seu roteador e verifique se h\u00e1 algum caractere especial nela, como ~!@#$%^&amp;*(). Se sim, altere a senha do seu roteador. O repetidor n\u00e3o consegue identificar caracteres especiais. Q2. Como resetar o repetidor? A2. Por favor, pressione e segure o bot\u00e3o de reset por 10 segundos sob alimenta\u00e7\u00e3o. (N\u00c3O bot\u00e3o WPS, o bot\u00e3o de reset est\u00e1 ao lado)<\/span><\/pre>\n<\/div>\n<div class=\"detailmodule_text\" style=\"text-align: start;\" align=\"start\">\n<p>&nbsp;<\/p>\n<\/div>\n<div class=\"detailmodule_image\" style=\"text-align: start;\" align=\"start\"><img fetchpriority=\"high\" decoding=\"async\" class=\"detail-desc-decorate-image\" style=\"max-width: 100%;\" src=\"https:\/\/ae01.alicdn.com\/kf\/H56c119d6fad94e6bb837de8a725a8d89l.jpg\" width=\"958\" height=\"300\" \/><img decoding=\"async\" class=\"detail-desc-decorate-image\" style=\"max-width: 100%;\" src=\"https:\/\/ae01.alicdn.com\/kf\/Hdcb37860be2147b7966f98ab215ed018A.jpg\" \/><img decoding=\"async\" class=\"detail-desc-decorate-image\" style=\"max-width: 100%;\" src=\"https:\/\/ae01.alicdn.com\/kf\/Hb979234c380c4e03a6ee30eed649ad98l.jpg\" \/><img decoding=\"async\" class=\"detail-desc-decorate-image\" style=\"max-width: 100%;\" src=\"https:\/\/ae01.alicdn.com\/kf\/Hf9beae2d3da342fd9ebe1ead95aa2658Y.jpg\" \/><img decoding=\"async\" class=\"detail-desc-decorate-image\" style=\"max-width: 100%;\" src=\"https:\/\/ae01.alicdn.com\/kf\/HTB1_cW0XACy2eVjSZSyq6xukVXaI.jpg\" \/><img decoding=\"async\" class=\"detail-desc-decorate-image\" style=\"max-width: 100%;\" src=\"https:\/\/ae01.alicdn.com\/kf\/HTB1nbwDVPDpK1RjSZFrq6y78VXaN.jpg\" \/><img decoding=\"async\" class=\"detail-desc-decorate-image\" style=\"max-width: 100%;\" src=\"https:\/\/ae01.alicdn.com\/kf\/He3c6ab98c2124eadaa52276190fa1c71C.jpg\" \/><img decoding=\"async\" class=\"detail-desc-decorate-image\" style=\"max-width: 100%;\" src=\"https:\/\/ae01.alicdn.com\/kf\/H1df9994aa1604a1cb5768ec725e46501B.jpg\" \/><img decoding=\"async\" class=\"detail-desc-decorate-image\" style=\"max-width: 100%;\" src=\"https:\/\/ae01.alicdn.com\/kf\/HTB10ZoPazzuK1RjSspeq6ziHVXay.jpg\" \/><\/div>\n<div id=\"tw-target-text-container\" class=\"tw-ta-container F0azHf tw-nfl\" tabindex=\"0\">\n<h1 id=\"tw-target-text\" class=\"tw-data-text tw-text-large tw-ta\" dir=\"ltr\" data-placeholder=\"Tradu\u00e7\u00e3o\"><strong><span class=\"Y2IQFc\" lang=\"pt\">Sobre envio:<\/span><\/strong><\/h1>\n<\/div>\n<pre id=\"tw-target-text\" class=\"tw-data-text tw-text-large tw-ta\" dir=\"ltr\" data-placeholder=\"Tradu\u00e7\u00e3o\"><span class=\"Y2IQFc\" lang=\"pt\">1. TRANSPORTE MUNDIAL. (Exceto alguns pa\u00edses e APO\/FPO)\r\n\r\n2. Encomendas processadas atempadamente ap\u00f3s a verifica\u00e7\u00e3o do pagamento.\r\n\r\n3. Enviamos apenas para endere\u00e7os de pedidos confirmados. O endere\u00e7o do seu pedido DEVE corresponder ao seu endere\u00e7o de entrega.\r\n\r\n4. As imagens mostradas n\u00e3o s\u00e3o o item real e s\u00e3o apenas para sua refer\u00eancia.\r\n\r\n5. O TEMPO DE TR\u00c2NSITO DO SERVI\u00c7O \u00e9 fornecido pela transportadora e exclui fins de semana e feriados. Os tempos de tr\u00e2nsito podem variar, principalmente durante a temporada de f\u00e9rias.\r\n\r\n6. Se voc\u00ea n\u00e3o receber sua remessa dentro de 30 dias ap\u00f3s o pagamento, entre em contato conosco. Vamos rastrear o envio e entrar em contato com voc\u00ea o mais r\u00e1pido poss\u00edvel com uma resposta. Nosso objetivo \u00e9 a satisfa\u00e7\u00e3o do cliente!<\/span><\/pre>\n<\/div>\n<\/div>\n<p>&nbsp;<\/p>\n<h1 id=\"tw-target-text\" class=\"tw-data-text tw-text-large tw-ta\" dir=\"ltr\" data-placeholder=\"Tradu\u00e7\u00e3o\"><strong><span class=\"Y2IQFc\" lang=\"pt\">Devolu\u00e7\u00e3o e Reembolso<\/span><\/strong><\/h1>\n<div class=\"detailmodule_html\">\n<div class=\"detail-desc-decorate-richtext\">\n<pre id=\"tw-target-text\" class=\"tw-data-text tw-text-large tw-ta\" dir=\"ltr\" data-placeholder=\"Tradu\u00e7\u00e3o\"><span class=\"Y2IQFc\" lang=\"pt\">1. Voc\u00ea tem 7 dias para entrar em contato conosco e 30 dias para devolv\u00ea-lo a partir da data em que foi recebido. Se este item estiver em sua posse por mais de 7 dias, ele \u00e9 considerado usado e N\u00c3O EMITIMOS UM REEMBOLSO OU SUBSTITUI\u00c7\u00c3O. N\u00c3O EXISTEM EXCE\u00c7\u00d5ES!\r\n\r\n2. Todos os itens devolvidos DEVEM ESTAR na embalagem original e voc\u00ea DEVE nos fornecer o n\u00famero de rastreamento do envio, o motivo espec\u00edfico da devolu\u00e7\u00e3o e seu n\u00famero de po.\r\n\r\n3. N\u00f3s reembolsaremos SEU VALOR TOTAL DO LANCE VENCEDOR, ap\u00f3s o recebimento do item em sua condi\u00e7\u00e3o original e embalagem com todos os componentes e acess\u00f3rios inclu\u00eddos, AP\u00d3S O Comprador e o Vendedor cancelarem a transa\u00e7\u00e3o do aliexpress. OU, voc\u00ea pode optar por ter um substituto.\r\n\r\n4. N\u00f3s arcaremos com todos os custos de envio se o produto n\u00e3o for como anunciado.<\/span><\/pre>\n<div id=\"tw-target-text-container\" class=\"tw-ta-container F0azHf tw-nfl\" tabindex=\"0\">\n<h1 id=\"tw-target-text\" class=\"tw-data-text tw-text-large tw-ta\" dir=\"ltr\" data-placeholder=\"Tradu\u00e7\u00e3o\"><span class=\"Y2IQFc\" lang=\"pt\"><br \/>\n<strong>Sobre Coment\u00e1rios<\/strong><\/span><\/h1>\n<\/div>\n<div id=\"tw-target-rmn-container\" class=\"tw-target-rmn tw-ta-container F0azHf tw-nfl\">\u00a0<span class=\"Y2IQFc\" lang=\"pt\">Mantemos altos padr\u00f5es de excel\u00eancia e nos esfor\u00e7amos para 100% de satisfa\u00e7\u00e3o do cliente! O feedback \u00e9 muito importante Solicitamos que voc\u00ea entre em contato conosco imediatamente ANTES de nos dar um feedback neutro ou negativo, para que possamos atender satisfatoriamente \u00e0s suas preocupa\u00e7\u00f5es. \u00c9 imposs\u00edvel abordar quest\u00f5es se n\u00e3o as conhecemos!<\/span><\/div>\n<div><\/div>\n<\/div>\n<\/div>\n<p>&nbsp;<\/p>\n","protected":false},"excerpt":{"rendered":"<p>Descri\u00e7\u00e3o Recurso do repetidor iMice WiFi 1. A tecnologia exclusiva de parede a parede de alta qualidade garante que a cobertura do repetidor n\u00e3o seja bloqueada. 2.Novo chip de alta qualidade que fornece servi\u00e7o de rede est\u00e1vel de 2,4 GHz com velocidades de rede de at\u00e9 300 Mbps. 3.Software embutido atualizado, etapas de configura\u00e7\u00e3o super [&hellip;]<\/p>\n","protected":false},"featured_media":2878,"template":"","meta":[],"product_brand":[],"product_cat":[17,20,25],"product_tag":[],"class_list":{"0":"post-2879","1":"product","2":"type-product","3":"status-publish","4":"has-post-thumbnail","6":"product_cat-acessorios","7":"product_cat-decoracoo","8":"product_cat-mais-vendidos","9":"pa_cor-branco","10":"pa_cor-preto","12":"first","13":"instock","14":"shipping-taxable","15":"purchasable","16":"product-type-variable"},"_links":{"self":[{"href":"https:\/\/onfertas.com.br\/index.php?rest_route=\/wp\/v2\/product\/2879","targetHints":{"allow":["GET"]}}],"collection":[{"href":"https:\/\/onfertas.com.br\/index.php?rest_route=\/wp\/v2\/product"}],"about":[{"href":"https:\/\/onfertas.com.br\/index.php?rest_route=\/wp\/v2\/types\/product"}],"version-history":[{"count":1,"href":"https:\/\/onfertas.com.br\/index.php?rest_route=\/wp\/v2\/product\/2879\/revisions"}],"predecessor-version":[{"id":2893,"href":"https:\/\/onfertas.com.br\/index.php?rest_route=\/wp\/v2\/product\/2879\/revisions\/2893"}],"wp:featuredmedia":[{"embeddable":true,"href":"https:\/\/onfertas.com.br\/index.php?rest_route=\/wp\/v2\/media\/2878"}],"wp:attachment":[{"href":"https:\/\/onfertas.com.br\/index.php?rest_route=%2Fwp%2Fv2%2Fmedia&parent=2879"}],"wp:term":[{"taxonomy":"product_brand","embeddable":true,"href":"https:\/\/onfertas.com.br\/index.php?rest_route=%2Fwp%2Fv2%2Fproduct_brand&post=2879"},{"taxonomy":"product_cat","embeddable":true,"href":"https:\/\/onfertas.com.br\/index.php?rest_route=%2Fwp%2Fv2%2Fproduct_cat&post=2879"},{"taxonomy":"product_tag","embeddable":true,"href":"https:\/\/onfertas.com.br\/index.php?rest_route=%2Fwp%2Fv2%2Fproduct_tag&post=2879"}],"curies":[{"name":"wp","href":"https:\/\/api.w.org\/{rel}","templated":true}]}}