{"id":260,"date":"2022-06-06T17:39:53","date_gmt":"2022-06-06T17:39:53","guid":{"rendered":""},"modified":"2023-08-23T20:13:50","modified_gmt":"2023-08-23T20:13:50","slug":"sobre-nos","status":"publish","type":"page","link":"https:\/\/onfertas.com.br\/?page_id=260","title":{"rendered":"Sobre N\u00f3s"},"content":{"rendered":"\t\t<div data-elementor-type=\"wp-page\" data-elementor-id=\"260\" class=\"elementor elementor-260\" data-elementor-post-type=\"page\">\n\t\t\t\t\t\t<section class=\"elementor-section elementor-top-section elementor-element elementor-element-1901b48 elementor-section-boxed elementor-section-height-default elementor-section-height-default\" data-id=\"1901b48\" data-element_type=\"section\" data-e-type=\"section\">\n\t\t\t\t\t\t<div class=\"elementor-container elementor-column-gap-default\">\n\t\t\t\t\t<div class=\"elementor-column elementor-col-100 elementor-top-column elementor-element elementor-element-a67fca9\" data-id=\"a67fca9\" data-element_type=\"column\" data-e-type=\"column\">\n\t\t\t<div class=\"elementor-widget-wrap elementor-element-populated\">\n\t\t\t\t\t\t<div class=\"elementor-element elementor-element-c2dabcf elementor-widget elementor-widget-spacer\" data-id=\"c2dabcf\" data-element_type=\"widget\" data-e-type=\"widget\" data-widget_type=\"spacer.default\">\n\t\t\t\t<div class=\"elementor-widget-container\">\n\t\t\t\t\t\t\t<div class=\"elementor-spacer\">\n\t\t\t<div class=\"elementor-spacer-inner\"><\/div>\n\t\t<\/div>\n\t\t\t\t\t\t<\/div>\n\t\t\t\t<\/div>\n\t\t\t\t<div class=\"elementor-element elementor-element-ad64c59 elementor-widget elementor-widget-heading\" data-id=\"ad64c59\" data-element_type=\"widget\" data-e-type=\"widget\" data-widget_type=\"heading.default\">\n\t\t\t\t<div class=\"elementor-widget-container\">\n\t\t\t\t\t<h2 class=\"elementor-heading-title elementor-size-default\"><font style=\"vertical-align: inherit\"><\/font><font style=\"vertical-align: inherit\"><font style=\"vertical-align: inherit\">Sobre n\u00f3s<\/font><\/font><\/h2>\t\t\t\t<\/div>\n\t\t\t\t<\/div>\n\t\t\t\t\t<\/div>\n\t\t<\/div>\n\t\t\t\t\t<\/div>\n\t\t<\/section>\n\t\t\t\t<section class=\"elementor-section elementor-top-section elementor-element elementor-element-1a8d40a9 elementor-section-boxed elementor-section-height-default elementor-section-height-default\" data-id=\"1a8d40a9\" data-element_type=\"section\" data-e-type=\"section\">\n\t\t\t\t\t\t<div class=\"elementor-container elementor-column-gap-default\">\n\t\t\t\t\t<div class=\"elementor-column elementor-col-100 elementor-top-column elementor-element elementor-element-586169a6\" data-id=\"586169a6\" data-element_type=\"column\" data-e-type=\"column\">\n\t\t\t<div class=\"elementor-widget-wrap elementor-element-populated\">\n\t\t\t\t\t\t<div class=\"elementor-element elementor-element-2a5c095f elementor-widget elementor-widget-text-editor\" data-id=\"2a5c095f\" data-element_type=\"widget\" data-e-type=\"widget\" data-widget_type=\"text-editor.default\">\n\t\t\t\t<div class=\"elementor-widget-container\">\n\t\t\t\t\t\t\t\t\t<p>Aqui na\u00a0Onfertas somos comprometidos em oferecer os melhores produtos sempre com aquele pre\u00e7o especial que cabe no seu bolso, tudo isso alinhado com uma atendimento ao cliente em tempo real, onde priorizamos sempre a satisfa\u00e7\u00e3o dos nossos consumidores.<\/p>\n<p>\u00a0<\/p>\n<p>Surgimos pela paix\u00e3o e pelo desejo de conectar as pessoas com o que h\u00e1 de melhor sem a necessidade de sair de casa. Levamos com a comodidade de comprar com apenas um clique todas as tend\u00eancias mundiais para o conforto do seu lar.<\/p>\n<p>\u00a0<\/p>\n<p>N\u00f3s somos apaixonados pelo o que fazemos! Temos uma equipe<\/p>\n<p>treinada e direcionada para sempre atualizarmos nossos estoques com o que h\u00e1 de mais recente e sofisticado no cen\u00e1rio mundial.<\/p>\n<p>\u00a0<\/p>\n<p>Buscamos sempre os melhores produtos e fornecedores para<\/p>\n<p>proporcionar aos nossos clientes o melhor pre\u00e7o de vendas online.<\/p>\n<p>Todos os nossos fornecedores passam por um processo bem<\/p>\n<p>rigoroso de an\u00e1lise para que possam trabalhar junto conosco,<\/p>\n<p>fazemos isso para que possamos fornecer produtos que supram<\/p>\n<p>todas as exig\u00eancias dos nossos clientes.<\/p>\n<p>\u00a0<\/p>\t\t\t\t\t\t\t\t<\/div>\n\t\t\t\t<\/div>\n\t\t\t\t\t<\/div>\n\t\t<\/div>\n\t\t\t\t\t<\/div>\n\t\t<\/section>\n\t\t\t\t<\/div>\n\t\t","protected":false},"excerpt":{"rendered":"<p>Sobre N\u00f3s<\/p>\n","protected":false},"author":1,"featured_media":0,"parent":0,"menu_order":0,"comment_status":"closed","ping_status":"closed","template":"","meta":{"footnotes":""},"class_list":["post-260","page","type-page","status-publish","hentry"],"_links":{"self":[{"href":"https:\/\/onfertas.com.br\/index.php?rest_route=\/wp\/v2\/pages\/260","targetHints":{"allow":["GET"]}}],"collection":[{"href":"https:\/\/onfertas.com.br\/index.php?rest_route=\/wp\/v2\/pages"}],"about":[{"href":"https:\/\/onfertas.com.br\/index.php?rest_route=\/wp\/v2\/types\/page"}],"author":[{"embeddable":true,"href":"https:\/\/onfertas.com.br\/index.php?rest_route=\/wp\/v2\/users\/1"}],"replies":[{"embeddable":true,"href":"https:\/\/onfertas.com.br\/index.php?rest_route=%2Fwp%2Fv2%2Fcomments&post=260"}],"version-history":[{"count":7,"href":"https:\/\/onfertas.com.br\/index.php?rest_route=\/wp\/v2\/pages\/260\/revisions"}],"predecessor-version":[{"id":4092,"href":"https:\/\/onfertas.com.br\/index.php?rest_route=\/wp\/v2\/pages\/260\/revisions\/4092"}],"wp:attachment":[{"href":"https:\/\/onfertas.com.br\/index.php?rest_route=%2Fwp%2Fv2%2Fmedia&parent=260"}],"curies":[{"name":"wp","href":"https:\/\/api.w.org\/{rel}","templated":true}]}}